q - 13, -5*t = -5*q - 85. What is the remainder when 183 is divided by t?
7
Let v be -9*((-20)/(-6) + -3). What is the remainder when 80 is divided by (-342)/(-24) + v/12?
10
What is the remainder when 1532 is divided by 16 + 12 + -9 - -172?
4
Let g(x) = -44*x - 19. Suppose -8 = 6*p - 2*p. Calculate the remainder when g(p) is divided by 12.
9
Let t = 255 - 447. Let l = t - -216. What is the remainder when l is divided by 17?
7
Suppose 55 + 77 = 3*v. Suppose 0 = l - 11 - v. Calculate the remainder when 155 is divided by l.
45
Let f be (-4)/(-18) - 4004/(-126). Suppose 18*p + f = 20*p. Calculate the remainder when 222 is divided by p.
14
Let q(j) = -2*j**2 + 83*j + 90. Calculate the remainder when q(32) is divided by 25.
23
Suppose -3*m = -2*o + 146, -o + 40 = -5*m - 19. Calculate the remainder when 156 is divided by o.
77
Let i = -248 - -176. Calculate the remainder when -2 + 3 - (i + -1) is divided by (-10 + 0)/(-2*7/35).
24
Let h(m) = m**3 - 10*m**2 + 23*m - 43. Let l = -12 - -46. Let n = l + -30. Calculate the remainder when h(8) is divided by n.
1
Suppose 0*h + 3*w = -5*h + 274, 2*h = w + 114. Calculate the remainder when 161 is divided by h.
49
Suppose 3*g + 4*y - 179 = 0, 2*y + 219 + 5 = 4*g. Calculate the remainder when 279 is divided by g.
51
Let y(k) = -56*k - 656. What is the remainder when y(-20) is divided by 148?
20
Suppose -v - 4*v + 15 = 0. Suppose -w = v*w - 104. Calculate the remainder when 38 + -11 + 11*2 is divided by w.
23
Suppose -70*q - 120*q + 6281 - 581 = 0. What is the remainder when 1311 is divided by q?
21
Suppose -2*l - 3*l - 20 = 0, 3*v + 2*l = -155. Let d = v - -92. Calculate the remainder when d is divided by 13.
4
Suppose 126 = u + m, 5*m - m = 5*u - 675. Let p = 19167 - 19140. What is the remainder when u is divided by p?
23
Suppose 9*z - 42899 = 24556. What is the remainder when z is divided by 119?
117
Let m be -3 + -3 + 8 - 6/(-2). Suppose 0 = -m*a, -a - 4*a - 38 = -2*y. Calculate the remainder when 58 is divided by y.
1
Let y = 666 + -655. Calculate the remainder when 1153 is divided by y.
9
Suppose 26 - 363 = -2*j - 3*r, j - 5*r - 214 = 0. What is the remainder when j is divided by 55?
14
Suppose -3*x + 4*l + 130 = 0, -2*l = -44*x + 42*x + 92. What is the remainder when 133 is divided by x?
25
Suppose 280 = 3*i + 2*i. Calculate the remainder when i is divided by ((-80)/(-6))/((-1230)/(-1476)).
8
Let h = 98 - 95. Suppose -22 - 86 = -2*t - 4*y, t - 74 = h*y. Calculate the remainder when t is divided by 21.
20
Suppose -u = 4*m + u + 962, -3*u = -4*m - 977. Let a = -196 - m. What is the remainder when a is divided by 12?
10
Suppose 0 = -4*l + g - 1839 - 910, -2*l - 1371 = 3*g. Let x = -675 - l. Calculate the remainder when 66 is divided by x.
6
Let b(n) = -22750*n - 113724. Suppose -j + 0*j = -231. What is the remainder when j is divided by b(-5)?
23
Let v be (48/15 - 2)/(6/20). Suppose -o - 2*j - 2*j + 6 = 0, -3*j = v*o - 63. Suppose 13 = 3*h - 194. What is the remainder when h is divided by o?
15
Let o(i) = -i + 24. Let c be o(19). Let p(v) = -36*v + 75*v - 20 - c - 42*v. Calculate the remainder when 5 is divided by p(-9).
1
Suppose 18*b + 9*b + 4867 = 58*b. What is the remainder when 2039 is divided by b?
155
Let o = -8 + 19. Calculate the remainder when (-18)/(-15)*(-40)/(-3) is divided by (o + -2 + 0)/1.
7
Let j(n) = -3*n**3 + 626*n**2 + 240*n + 3958. What is the remainder when j(209) is divided by 90?
87
Let r = 1037 - 217. What is the remainder when r is divided by 25?
20
Let c(o) = 18*o - 226. Let u be c(13). Let q(n) = -n**3 + 11*n**2 - 18*n + 88. Calculate the remainder when q(u) is divided by 40.
16
Suppose 0 = -11*d + 191 + 315. Suppose -42*a = -d*a + 188. What is the remainder when a is divided by 5?
2
Let w(u) = -u**2 + 24*u - 54. Calculate the remainder when 147 is divided by w(20).
17
Suppose -7*g + 3*g + 16 = 0. Let p be g/8 + 74/4. Let q = 42 - p. What is the remainder when 43 is divided by q?
20
Let c be 0 + -5 + 83 + 2. Let a be 8/6*180/c. Suppose 4*i - 5*h - 10 = 9, 3*i - a*h - 18 = 0. What is the remainder when 87 is divided by i?
10
Let w(h) = -h**3 - 3*h**2 - 12*h - 13. Suppose -2*b - 22 = -2*u, -b + 4*b = -5*u + 7. Calculate the remainder when w(b) is divided by (-20)/(-3)*24/16 - -2.
11
Suppose -5*b = 3*s - 0*s - 975, 0 = 2*s + 2*b - 650. Calculate the remainder when 5519 is divided by s.
319
Suppose -621*k - 4501 = -628*k. Calculate the remainder when k is divided by 35.
13
Suppose -g + 21 = -4*f, -4*g - 4*f + 29 = -3*g. Let a = -228 + 149. Let i = -33 - a. Calculate the remainder when i is divided by g.
21
Suppose 2*l + 3*v = -1, 0*l - 7 = -l + v. Suppose -l*d = 5*d - 54. Let k(t) = -t**3 + 6*t**2 + 3*t + 6. Calculate the remainder when 92 is divided by k(d).
20
Let m(r) = r + 23. Let s be m(-18). Suppose -s*b = -20, 3*d - 2*b - 473 = -b. Calculate the remainder when d is divided by 56.
47
Let w be (90/24)/(-2 - (-54)/24). Suppose -3*h = 4*b - 28, 2*h - 4*b - 17 - w = 0. What is the remainder when 41 is divided by h?
5
Suppose -4*w = -2*a + 63 + 35, w = -5*a + 179. Calculate the remainder when 807 is divided by a.
30
Suppose -24*n + 1218 = 186. Let z(c) = -c**3 + 5*c**2 + 5*c - 3. Calculate the remainder when n is divided by z(5).
21
Let b(m) = -m**3 - 11*m**2 + 11*m + 7. Let o = -113 - -41. Let z = 60 + o. What is the remainder when 169 is divided by b(z)?
17
Suppose 6*b + 18 = -0*b. What is the remainder when 103 is divided by 10/30 + (-89)/b?
13
Suppose -f + i = -40, -4*f + 165 = -2*i + 1. Calculate the remainder when 577 is divided by f.
31
Suppose -58*l + 678 + 2976 = 0. Let j = -649 - -963. Calculate the remainder when j is divided by l.
62
Let q be ((-24)/36)/(4/(-402)). Suppose 0 = b + 3*x - q, 0*x + 2*x = b - 72. What is the remainder when 415 is divided by b?
65
Suppose -j + 2*o + 56 = -3*o, -208 = -3*j + 5*o. Let m(y) = 4*y. Let d be m(2). Suppose j + 36 = d*x. What is the remainder when 39 is divided by x?
11
Suppose -5*b + 12710 = -15*m, -3257 = -2*b + 4*m + 1825. Calculate the remainder when b is divided by 31.
28
Let d = 156 + -147. Suppose -20*q - 43239 = -91*q. Calculate the remainder when q is divided by d.
6
Suppose 1293 + 5465 = 62*o. What is the remainder when o is divided by 32?
13
Let k = 26957 + -26732. Calculate the remainder when 712 is divided by k.
37
What is the remainder when ((-3)/30 + 181/10)*(-1 - -2) is divided by 13?
5
What is the remainder when (-616)/(-2464)*(1748 + 0) is divided by 230?
207
Let m(j) = -2*j**2 + 4*j + 7. Let t be m(3). Let c be (312/4*-6)/t. What is the remainder when (2 + 0)*c/(-24) is divided by 5?
4
Suppose -4*w + 1436 = -5*y, -6*y = -y + 4*w + 1444. What is the remainder when ((-14)/(-42))/((-3)/y) is divided by 17?
15
Let c(a) = -a - 16. Let m be c(9). Let w = m + 53. Let h = -1451 + 1462. Calculate the remainder when w is divided by h.
6
Let o = 239 - 237. Let m(b) = 3*b + 14. What is the remainder when 52 is divided by m(o)?
12
Suppose -428 - 3845 = -132*a + 5627. What is the remainder when 3897 is divided by a?
72
Calculate the remainder when 962 is divided by (36/192*-24)/(((-3)/(-64))/(-1)).
2
Suppose 0 = -2*v - 4*k + 166, v + 3*k = -3 + 84. What is the remainder when v is divided by 23?
18
Let v be (66/(-24) - -3) + (-18)/8. What is the remainder when 48 is divided by (v/(-10))/((-9)/(-315))?
6
Suppose -11*l + 724 = 42. What is the remainder when 2352 is divided by l?
58
Suppose -23*y + 10714 = -11366. What is the remainder when 1935 is divided by y?
15
Let n = 4945 - 4773. What is the remainder when n is divided by 3?
1
Suppose 5*x + 10*x - 1628 = -7*x. What is the remainder when -2 - (1 - 17*13) is divided by x?
70
Let p = 13493 + -11797. What is the remainder when p is divided by 189?
184
Suppose 0 = 4*z + 178 - 38. Let l = -232 + 280. Let m = l + z. Calculate the remainder when 114 is divided by m.
10
Let m be (-22 - 2 - 1)*1. Let r = m + 122. Let q = 36308 - 36283. Calculate the remainder when r is divided by q.
22
Let a = 3102 + -2117. Suppose -9 - 1 = -2*r, r - a = 5*q. Let p = -107 - q. Calculate the remainder when p is divided by 23.
20
Suppose -19*w + 16 = -17*w. Let d(r) = -2 + 12 - w - 16*r**2 - r**3 + 15. What is the remainder when 32 is divided by d(-16)?
15
Let s = -546 + 994. Suppose 446*t + 522 = s